mmon factor of l and h.
5
Let h(v) = 18*v - 340. Let l be h(50). What is the highest common factor of l and 240?
80
Suppose -291 - 144 = -5*c. What is the highest common factor of c and 145?
29
Suppose 235 = 2*r - 3*t, -6*t + 195 = 2*r - t. Suppose 0 = -12*z + 2*z + 660. What is the highest common divisor of r and z?
22
Let t(g) = g**2 - 15*g + 23. Let b = 8 - -2. Let q be t(b). Let w be (-492)/q - (-4)/(-18). What is the greatest common divisor of 18 and w?
18
Suppose -n + 36 = n + l, 0 = -5*l. What is the highest common factor of 288 and n?
18
Let s = 81 - 30. Calculate the greatest common divisor of s and 3.
3
Let j = -87 + 129. Suppose 2*o = 3*k - j, 0 = 2*k + 4*o - 23 - 21. What is the greatest common factor of k and 4?
4
Let p(i) = -3*i**2 - 12*i. Let f be p(-8). Let m = 0 - 10. Let u be f/m*2*5. What is the highest common factor of 12 and u?
12
Let x(j) = 2*j**2 + 19*j + 35. Let n be x(-8). What is the highest common factor of 121 and n?
11
Suppose k + 0*k = 60. Let n(r) = -r**3 - 9*r**2 + 16*r - 220. Let c be n(-12). Calculate the highest common divisor of c and k.
20
Let z = 2383 + -2380. What is the greatest common factor of z and 3?
3
Let a(q) = q**2 + 6*q - 1. Let s be a(-7). Suppose -2*z = 13*z - 45. Calculate the highest common divisor of s and z.
3
Suppose -4*g + 12 = 4*u, 5*g + 2*u - 21 = -u. Let l be ((-10)/(-3) - g)*54/(-8). What is the greatest common divisor of l and 54?
18
Let c(k) = k + 4. Let r(w) = w**3 + 3*w**2 - 4*w + 4. Let b be r(-4). Let f be c(b). What is the greatest common divisor of 40 and f?
8
Suppose -11*j = 17*j - 868. What is the greatest common factor of 496 and j?
31
Let n be 6/4 + ((-645)/(-2))/15. What is the greatest common factor of n and 46?
23
Suppose 15*y - 10*y = 10. Suppose y*n - n = -24. Let z be ((-1)/(-2))/((-2)/n). Calculate the greatest common divisor of z and 30.
6
Let a = 810 - 54. What is the highest common divisor of a and 168?
84
Let o be ((-25)/(750/(-220)))/(3/9). Calculate the highest common factor of o and 33.
11
Let s = 2668 + -2626. What is the greatest common divisor of 342 and s?
6
Suppose -174*o + 888 = -49*o - 88*o. Suppose w - 240 = -0*w. Calculate the greatest common factor of o and w.
24
Suppose 12*b = 11*b + 660. Suppose -3*q + 10*o = 11*o - 664, b = 3*q - 3*o. Calculate the highest common factor of 13 and q.
13
Let b be 2/((-8)/(-28)) - 5. Suppose -i + 0*i = 2*c - 111, 68 = c - b*i. Calculate the highest common factor of c and 29.
29
Suppose -u = 1, 0 = -5*a + 4*u - 2*u + 437. Let s = 96 - a. Let x(i) = -17*i**3 - 2*i - 1. Let j be x(-1). Calculate the greatest common factor of j and s.
9
Let h(b) = -12 - b - 4*b + b**2 + 8*b. Let i be h(-6). Calculate the highest common divisor of i and 30.
6
Suppose 0 = 4*k - r - 17, -2*r - 13 - 1 = -3*k. Suppose -5*b - k*w = -4*b - 41, w = b - 21. Calculate the highest common divisor of 75 and b.
25
Let n be (-5 + 28/7)*(3 - 1). Let q be (1 + (-3)/15)*(-5)/n. Calculate the highest common factor of 8 and q.
2
Suppose 4*f - 679 = 5*p, 8*f + p = 3*f + 856. Calculate the greatest common divisor of 9 and f.
9
Suppose -5*s - 32 = -a - 2, -2*s = -4*a + 120. Suppose 2*x + 16 - 20 = -p, 0 = 5*x + 5. Calculate the greatest common factor of p and a.
6
Suppose 32*q - 3196 - 2948 = 0. What is the greatest common divisor of q and 30?
6
Suppose -4*b + 69 = -503. Let i = b - 77. Let y = i + -26. What is the highest common factor of 10 and y?
10
Suppose -5*b = -19 - 1. Suppose -7*a + 220 = -2*a. Calculate the greatest common factor of b and a.
4
Let w be (-2)/(-9) - (-68)/18. Suppose 0 = -4*s - 20, -6 + 20 = -3*l - w*s. Let k be 4/(l + 120/(-63)). What is the highest common factor of k and 7?
7
Let s = 8 - 10. Let o(t) = -4*t - 2. Let q be o(s). Suppose 4*j = 0, 3*v - 12 = 2*v + 2*j. What is the highest common factor of q and v?
6
Suppose 4*m = 2*t + 102, 3*m + 141 = 8*m + 2*t. Suppose -m + 35 = 4*w. Let p = 21 + 1. Calculate the greatest common divisor of p and w.
2
Suppose -16 = -4*w, r - 5*w - 76 = 5*r. Let j = -7 - r. Let h be 51/(-2)*(-50)/15. Calculate the greatest common factor of j and h.
17
Suppose -4*t + 426 = -2*a, -2*a = -3*t + 198 + 124. Let y = -5 - -18. What is the greatest common divisor of y and t?
13
Let r(g) = g**3 - 23*g**2 + 5*g + 18. Suppose 4*w - 64 = 28. Let f be r(w). What is the highest common divisor of f and 19?
19
Suppose j - 24 = -2*j. Suppose j*t - 11*t = -495. Calculate the greatest common divisor of t and 66.
33
Let k(j) = -j**3 + 7*j**2 + 3*j - 15. Let r be k(7). Calculate the highest common divisor of 54 and r.
6
Let f(v) = -v**2 + 9*v + 11. Let r be f(9). Suppose 14 = -5*x - r. Let k(j) = j**3 + 6*j**2 - 5. Let b be k(x). Calculate the highest common factor of 80 and b.
20
Suppose -470*r = -478*r + 80. What is the highest common divisor of r and 14?
2
Let x(u) = u + 7. Let c be x(3). Suppose c*k = 6*k + 440. Calculate the greatest common divisor of 44 and k.
22
Let l(y) = 6*y - 12. Let w be l(2). Let p be w + (294/70)/(1/10). Calculate the highest common divisor of 63 and p.
21
Let j(w) = -17*w + 8. Let q be j(-2). Let y be -6*((-42)/9 - 0). What is the greatest common divisor of q and y?
14
Let s be ((-2)/(-6))/(11/231). What is the greatest common divisor of s and 301?
7
Suppose 8*f - 85 = -9*f. Let j = 99 + -59. Calculate the highest common divisor of j and f.
5
Suppose 0 = -3*a - 2*i - i + 90, 0 = 3*a - 5*i - 130. What is the highest common divisor of 14 and a?
7
Suppose -4*l = 2 - 106. Suppose -6*y - 26 = -2. Let v be y/6*2 - 398/(-6). Calculate the greatest common divisor of l and v.
13
Let d = -49 - 8. Let s = 77 + d. What is the greatest common divisor of s and 260?
20
Suppose -640 = -6*g - 14*g. Calculate the greatest common divisor of 4 and g.
4
Suppose -5*x + 6 - 11 = 0. Let h be -12*(x + 0)*1. Let b(r) = r**3 + 6*r**2 - 11*r - 4. Let o be b(-7). Calculate the greatest common divisor of o and h.
12
Let z be (-212)/(-28) + 15/35. Suppose 3*x = -0 + 3. Let v = 89 - x. What is the greatest common divisor of z and v?
8
Suppose 2*o - 2*g - 272 = 0, -5*g + 144 - 692 = -4*o. Suppose -3*b - 66 = -o. Calculate the highest common factor of 88 and b.
22
Let f = 336 - 268. Calculate the greatest common factor of 8 and f.
4
Suppose 2*y + 7 + 7 = 0. Let c(x) = x**2 + 5*x - 1. Let t be c(y). Let r = 17 - t. Calculate the greatest common factor of r and 4.
4
Suppose -4*d + 5*m = -422, d + 4*m = -m + 93. Let r = -73 + d. What is the highest common divisor of 270 and r?
30
Let z(b) = 3*b**2 - b. Let h(g) = -8*g**2 + 2*g. Let j(o) = 4*h(o) + 11*z(o). Let f be j(8). Let u = 39 - 23. Calculate the highest common divisor of u and f.
8
Let a(w) = 6*w**2 + w + 1. Let r be a(2). Let k = 73 - 70. What is the highest common factor of r and k?
3
Let k(r) = r**3 + 5*r**2 - 8*r + 17. Suppose t - 23 = -29. Let m be k(t). What is the greatest common factor of 232 and m?
29
Suppose 0 = -g + 2 - 0. Suppose 0 = -g*q + 80 - 10. Calculate the greatest common factor of 210 and q.
35
Let k(g) = g**3 + g**2 - 4*g + 5. Let o be k(2). Let z(m) = 21 - 8*m + 7 + o*m. Let d be z(-8). Calculate the highest common divisor of 10 and d.
10
Let h(s) = s**2 - 12*s + 2. Let d be h(15). Let u be (-5 + d)*5/15. What is the greatest common divisor of 14 and u?
14
Suppose 9*n - 1054 - 296 = 0. Calculate the highest common divisor of 210 and n.
30
Suppose 8*w + 2*w - 1700 = 0. Calculate the greatest common divisor of 10 and w.
10
Suppose 0 = 13*m - 33*m + 400. What is the greatest common divisor of m and 345?
5
Suppose 3*z = -6, 5*s - 6*z = -z + 450. Suppose -u + 96 = -s. Calculate the highest common factor of 23 and u.
23
Suppose t - 16 = 2*r - 5, 3*r = -2*t + 29. Let d = -8 + t. Suppose 4*x + 56 = p + 3*p, -d*p + 62 = -x. What is the greatest common factor of 30 and p?
6
Suppose -55*a - 192 = -61*a. Let p = a + -2. What is the greatest common factor of 20 and p?
10
Let x = 1048 - 418. What is the greatest common divisor of 70 and x?
70
Let p be 3/(36/57) - (-4)/16. Let r(v) = -2*v - 3. Let k be r(-4). What is the highest common divisor of p and k?
5
Let v = -35 + 62. Let b be (-508)/(-18) - 6/v. Calculate the greatest common divisor of 4 and b.
4
Let w = -779 + 783. Calculate the highest common divisor of w and 4.
4
Let w be (-22)/3*8/(48/(-9)). What is t